ulate the highest common factor of 100 and h.
20
Suppose -12*k + 3375 = 3*k. Let d(p) = -p**3 + 6*p**2. Let a be d(5). Calculate the highest common factor of a and k.
25
Let m be (-18)/(-6) + (-1 - 0). Suppose -74 = -3*o + y, -m*o + 4*y = -0*y - 56. Calculate the highest common factor of 24 and o.
24
Let b(x) = 75*x + 81. Let r be b(12). What is the highest common factor of r and 9?
9
Suppose -5*h + 4*h = 0. Suppose 5*r = -4*o + 443, 2*o - 4*o - r + 223 = h. What is the highest common divisor of 14 and o?
14
Let f(a) be the third derivative of a**4/4 - a**3 - 7*a**2. Let l be f(10). Calculate the highest common factor of l and 36.
18
Let o = -790 - -858. Calculate the highest common divisor of o and 442.
34
Let s(b) = 48*b + 32. Let z be s(0). What is the greatest common factor of 32 and z?
32
Suppose 2*j - 10 + 98 = 0. Let z be j/198 + (-56)/(-9). Calculate the greatest common factor of z and 4.
2
Let z(f) = 429*f**3 - f**2 + 14*f - 32. Let q be z(2). Calculate the highest common factor of 107 and q.
107
Let i = 423 + -412. What is the highest common divisor of i and 1243?
11
Suppose 360 = 54*o - 44*o. What is the highest common factor of o and 30?
6
Suppose -5*i + 5*p = 577 - 2007, -4*i + 1168 = 4*p. What is the greatest common divisor of i and 85?
17
Let m = -2228 + 2260. Calculate the highest common factor of 160 and m.
32
Suppose 4*h = -3*w + 4*w - 12, 18 = 4*w - h. Suppose 4*n + 4*j = 22 - 6, 0 = j. What is the greatest common divisor of n and w?
4
Let u be 34/8 - 3/12. Suppose 2*c + 34 = u*w, -5*w + 3*c + 62 = 7*c. What is the highest common divisor of 20 and w?
10
Suppose 0*r = -3*r + 21. Let d be ((-1)/(-1))/(8/600). Let k be (2 - 0/1) + d. What is the greatest common divisor of k and r?
7
Let p be (2*114/(-15))/((-2)/10). What is the greatest common divisor of p and 2052?
76
Let b = 27 + -17. Calculate the greatest common factor of b and 40.
10
Suppose -8*n = 5*s - 5*n - 169, n - 138 = -4*s. What is the greatest common divisor of 280 and s?
35
Let h = -17 + 9. Let x be h/16*-2*1. Calculate the highest common divisor of x and 2.
1
Suppose -3*f - r + 37 + 12 = 0, 0 = f + 4*r + 2. Calculate the greatest common factor of 63 and f.
9
Let h = 8 - -44. Suppose 2*b = -5*o + 102, -2*o - 2*b + h = -4*b. Let n be (o/3)/(8/24). Calculate the highest common divisor of n and 110.
22
Let o(g) = -2*g**2 + 20*g - 18. Let x be o(5). Calculate the highest common factor of x and 160.
32
Suppose -2*t = 4, o - t + 3*t = 46. Suppose 68000 = 168*x + 104*x. Calculate the greatest common factor of o and x.
50
Let g be ((-7)/(168/(-368)))/((-4)/(-6)). Let q be -3 - (-4 + (-66 - 2)). Calculate the highest common divisor of g and q.
23
Let z = -1 - -2. Let t be (-1)/(z/2) - -15. Calculate the highest common divisor of 39 and t.
13
Let t be -9 + (3 - (-4)/2) - -158. Suppose 6*g - 2*g = 88. Calculate the highest common divisor of t and g.
22
Suppose 16 - 91 = 5*b. Let m = b - -20. Suppose d - 710 = -m*g + 2*d, -4*d = -3*g + 409. What is the highest common factor of g and 13?
13
Let d(r) = r**2 + 16*r - 4. Let o be d(-11). Let y be 6/2 + 6 + o. Let p be (-20)/y + (-68)/(-5). Calculate the highest common divisor of p and 14.
14
Let t(o) = o**3 - 10*o**2 + 13*o - 28. Let w be t(9). What is the highest common divisor of 408 and w?
8
Suppose 0 = -2*h + 3*q + 294, 5*q = 4*h + q - 588. Calculate the greatest common factor of 7 and h.
7
Suppose 2376 = 9*x + 3*x. What is the highest common factor of x and 18?
18
Let t(p) = p**2 + 8*p - 18. Let h be t(-17). What is the greatest common divisor of h and 60?
15
Suppose -21 + 49 = 4*w. Let t = 9 + w. What is the highest common divisor of 128 and t?
16
Let i(o) = 55*o + 45. Let a be i(0). What is the highest common divisor of a and 36?
9
Let z be (10 + -6)/(2/6). Let d(j) = -6*j - 5. Let q be d(4). Let l = q - -41. Calculate the greatest common factor of z and l.
12
Let j be 1/((-2)/(-5)*1/10). Let n be (-4)/((-8)/(-5))*-10. Calculate the greatest common divisor of n and j.
25
Suppose -7 + 262 = 3*n. Suppose -2*x + 2*d + 18 = 0, 6*x = x - 3*d + n. Suppose -2*f = -6*f + 168. Calculate the greatest common factor of f and x.
14
Let y(q) = -q**3 + q**2 + 3*q + 1. Let g be y(-2). Suppose 2*b + 1 = -0*k + k, -g = -3*k + 5*b. Calculate the greatest common divisor of k and 45.
9
Suppose 4*f - 4 - 8 = 0. Suppose -f*p + 21 = 4*p. Suppose 57 = p*m + 3. What is the highest common divisor of m and 2?
2
Suppose 2*a - 4 = -0*a. Suppose 0*u - a*u = -40. Suppose -4*i = -9*i + u. What is the greatest common factor of 16 and i?
4
Let f(q) = q + 2. Suppose 4*p - 2*n - n = 24, -3*n = 0. Let r be f(p). Let h be ((-486)/r)/(6/(-16)). Calculate the highest common divisor of h and 18.
18
Suppose 2*h - 7 = -5*h. Let r(u) = 33*u**3 - 3*u**2 + 4*u - 2. Let k be r(h). Calculate the greatest common factor of k and 128.
32
Let o(i) = i**2 - 3*i + 18. Let p be o(4). What is the highest common factor of 1408 and p?
22
Suppose 2*j + 3*t + 2*t - 15 = 0, 3*j = 5*t + 10. Suppose -41 = j*g - 221. Suppose -m - 9 = -2*m. Calculate the highest common divisor of m and g.
9
Let p(g) = -4*g**3 - 1. Let k be p(-2). Suppose 2*b + k = 3*b. Let t = -25 + b. What is the highest common divisor of t and 66?
6
Let k be (12 + -3 - -1) + 0. Let q be (-21)/35 - ((-106)/k + -1). Calculate the highest common factor of 55 and q.
11
Suppose 0 = 3*s + 6 - 24. Let v(m) = m**3 - 8*m**2 + 13*m - 5. Let k be v(s). What is the highest common factor of k and 8?
1
Let x(p) = 2*p**2 - 2*p**2 + p**2 - 6*p - 16. Let f be x(9). Calculate the highest common divisor of 33 and f.
11
Let l(k) = -k**2 - 19*k - 23. Let p be l(-17). Let t be 10 + (p - 6)*2/(-5). What is the greatest common factor of 8 and t?
8
Suppose -5*i - 5065 = -5*y, -2*i + 5059 = 5*y - i. Let s be y/(-4)*(-3 - -2). Calculate the greatest common factor of 23 and s.
23
Suppose 5*z - 47 = -4*y + 231, 4*z - y = 214. Calculate the greatest common divisor of z and 24.
6
Let q(y) = -y**2 + 23*y - 21. Let o be q(19). Let g(i) = -6*i - 3. Let n be g(-6). Suppose -4*c = -c - n. Calculate the greatest common factor of o and c.
11
Let u = -10 - -26. Let b = 336 + -160. Calculate the greatest common factor of u and b.
16
Suppose 5*i = -t - 101 + 614, -5*i + 519 = -2*t. Suppose -b + i = 3*y, -5*b - 169 = -2*y - 2*y. Calculate the highest common divisor of y and 84.
12
Let o = 1152 - 1148. Calculate the greatest common divisor of o and 54.
2
Let h(v) = 2*v**2 - 2. Suppose -2*r - 36 = -8*r. Let w be h(r). What is the highest common divisor of 14 and w?
14
Suppose -45 = -6*s + s - 5*r, 4*r - 28 = -2*s. Calculate the greatest common factor of 148 and s.
4
Suppose 347 = 6*l + 221. What is the greatest common factor of 287 and l?
7
Let f = 430 + -151. What is the greatest common factor of 465 and f?
93
Let l(d) be the first derivative of -d**2/2 + 27*d + 2. Let c be l(17). Let r be 21*2/(-9)*-15. What is the greatest common factor of c and r?
10
Suppose 3*b + 4*l = 3, -2*b + 0*b + 2 = 4*l. Let a(w) = 27*w. Let j be a(b). What is the greatest common factor of 81 and j?
27
Let w = 35 + -75. Let k = -25 - w. Calculate the greatest common factor of 15 and k.
15
Suppose 0 = 2*l + l + 3. Let h = 4 + l. Let w be h + (1*44 - -1). Calculate the highest common factor of w and 12.
12
Suppose 193 - 543 = -10*i. What is the greatest common divisor of 315 and i?
35
Let t(p) = p + 10. Let s be t(8). Calculate the greatest common factor of s and 114.
6
Let w(c) = 17*c**3 - c + 2. Let n be w(1). Let i = -15 - -9. Let l be i/n + (-46)/(-3). Calculate the greatest common divisor of 10 and l.
5
Suppose 0 = s - 2*s + 24. Let g = s + -24. Suppose g = -4*m + l + 105, m + 6*l = l. What is the greatest common factor of 25 and m?
25
Suppose -19*w = -18*w - 8. Let i = w + 20. Calculate the highest common factor of 7 and i.
7
Suppose 3*l + 2 = 4*h - 206, -2*l - 140 = -4*h. Let t = l - -95. Calculate the highest common factor of 216 and t.
27
Let y(u) = -u**2 + 3*u - 10. Let d be y(7). Let h = -34 - d. Suppose 0 = -5*s - 13 + 33. What is the greatest common factor of h and s?
4
Suppose -11*b - 620 = -b. Let n = b - -77. Calculate the highest common divisor of 3 and n.
3
Suppose -2*m + 3*k = -7*m + 498, 3*m - 5*k = 292. What is the greatest common factor of 264 and m?
33
Let u 